 ten thousands digit of 244748?
4
What is the tens digit of 14726341?
4
What is the thousands digit of 3538563?
8
What is the ten thousands digit of 228596?
2
What is the tens digit of 623373?
7
What is the thousands digit of 3515423?
5
What is the hundreds digit of 24786?
7
What is the thousands digit of 887678?
7
What is the ten millions digit of 26115697?
2
What is the hundreds digit of 3059915?
9
What is the hundred thousands digit of 226328?
2
What is the tens digit of 966117?
1
What is the hundred thousands digit of 172650?
1
What is the tens digit of 11921294?
9
What is the hundreds digit of 1841378?
3
What is the hundred thousands digit of 623692?
6
What is the hundred thousands digit of 415319?
4
What is the thousands digit of 412992?
2
What is the ten thousands digit of 52803?
5
What is the units digit of 251941?
1
What is the ten millions digit of 14006632?
1
What is the units digit of 29519412?
2
What is the ten thousands digit of 25897739?
9
What is the units digit of 20125337?
7
What is the ten millions digit of 11078736?
1
What is the hundreds digit of 2996000?
0
What is the hundred thousands digit of 115775?
1
What is the hundreds digit of 3958899?
8
What is the thousands digit of 89393?
9
What is the hundred thousands digit of 1340873?
3
What is the tens digit of 12280288?
8
What is the ten thousands digit of 1220649?
2
What is the hundred thousands digit of 323663?
3
What is the tens digit of 4013222?
2
What is the units digit of 730809?
9
What is the hundreds digit of 230387?
3
What is the ten thousands digit of 20407?
2
What is the units digit of 1687483?
3
What is the ten thousands digit of 57809?
5
What is the thousands digit of 940746?
0
What is the hundreds digit of 245818?
8
What is the units digit of 215030?
0
What is the hundreds digit of 1914338?
3
What is the hundred thousands digit of 256267?
2
What is the thousands digit of 220043?
0
What is the ten millions digit of 16493474?
1
What is the ten millions digit of 21105599?
2
What is the tens digit of 215935?
3
What is the thousands digit of 232279?
2
What is the thousands digit of 5078346?
8
What is the ten millions digit of 22139258?
2
What is the hundred thousands digit of 5751844?
7
What is the tens digit of 349373?
7
What is the tens digit of 411696?
9
What is the units digit of 2628847?
7
What is the tens digit of 495309?
0
What is the ten millions digit of 14511679?
1
What is the thousands digit of 5902828?
2
What is the tens digit of 1921998?
9
What is the millions digit of 37684510?
7
What is the thousands digit of 232843?
2
What is the tens digit of 391801?
0
What is the hundred thousands digit of 117277?
1
What is the ten thousands digit of 1911956?
1
What is the units digit of 239976?
6
What is the hundreds digit of 430486?
4
What is the hundreds digit of 2584804?
8
What is the ten thousands digit of 4461605?
6
What is the hundred thousands digit of 3055808?
0
What is the hundreds digit of 1464084?
0
What is the ten millions digit of 22057551?
2
What is the units digit of 1180691?
1
What is the thousands digit of 33627?
3
What is the units digit of 109260?
0
What is the hundreds digit of 407461?
4
What is the millions digit of 1621952?
1
What is the thousands digit of 34914?
4
What is the hundred thousands digit of 437861?
4
What is the thousands digit of 2516123?
6
What is the units digit of 2546979?
9
What is the hundred thousands digit of 1640557?
6
What is the thousands digit of 184518?
4
What is the ten thousands digit of 1525207?
2
What is the ten thousands digit of 6153661?
5
What is the units digit of 10430037?
7
What is the hundred thousands digit of 885421?
8
What is the hundreds digit of 768754?
7
What is the hundred thousands digit of 230554?
2
What is the hundreds digit of 4016?
0
What is the hundred thousands digit of 2130568?
1
What is the thousands digit of 310559?
0
What is the hundreds digit of 4201511?
5
What is the tens digit of 21405532?
3
What is the tens digit of 6545129?
2
What is the units digit of 6124031?
1
What is the thousands digit of 13406?
3
What is the units digit of 1260316?
6
What is the units digit of 2961094?
4
What is the tens digit of 415174?
7
What is the ten thousands digit of 364870?
6
What is the thousands digit of 7577831?
7
What is the hundred thousands digit of 2076649?
0
What is the ten millions digit of 18304096?
1
What is the units digit of 608465?
5
What is the tens digit of 68212?
1
What is the tens digit of 504620?
2
What is the hundreds digit of 575372?
3
What is the units digit of 165778?
8
What is the ten thousands digit of 6580129?
8
What is the ten thousands digit of 4039611?
3
What is the millions digit of 3763483?
3
What is the tens digit of 20733874?
7
What is the hundreds digit of 30013799?
7
What is the units digit of 407324?
4
What is the tens digit of 20206110?
1
What is the hundred thousands digit of 7711527?
7
What is the hundred thousands digit of 160601?
1
What is the millions digit of 25858297?
5
What is the ten thousands digit of 2130475?
3
What is the millions digit of 38689062?
8
What is the tens digit of 23716?
1
What is the hundred thousands digit of 615513?
6
What is the millions digit of 20186813?
0
What is the thousands digit of 364642?
4
What is the thousands digit of 5447080?
7
What is the hundreds digit of 147033?
0
What is the hundred thousands digit of 555180?
5
What is the hundreds digit of 2836459?
4
What is the tens digit of 19358758?
5
What is the hundreds digit of 985131?
1
What is the hundred thousands digit of 242217?
2
What is the hundred thousands digit of 506121?
5
What is the ten thousands digit of 420602?
2
What is the units digit of 477679?
9
What is the ten thousands digit of 79691?
7
What is the hundred thousands digit of 958776?
9
What is the hundred thousands digit of 387210?
3
What is the ten thousands digit of 1265259?
6
What is the tens digit of 200402?
0
What is the units digit of 2520565?
5
What is the hundreds digit of 5740724?
7
What is the tens digit of 2670412?
1
What is the hundreds digit of 2124570?
5
What is the tens digit of 1118488?
8
What is the ten thousands digit of 578028?
7
What is the hundred thousands digit of 300346?
3
What is the hundred thousands digit of 393988?
3
What is the ten thousands digit of 168631?
6
What is the hundred thousands digit of 172677?
1
What is the thousands digit of 438900?
8
What is the thousands digit of 16886093?
6
What is the hundred thousands digit of 1428339?
4
What is the hundred thousands digit of 17062390?
0
What is the thousands digit of 2513322?
3
What is the hundreds digit of 373301?
3
What is the ten thousands digit of 400696?
0
What is the thousands digit of 529645?
9
What is the ten thousands digit of 233031?
3
What is the units digit of 3151114?
4
What is the ten thousands digit of 287119?
8
What is the units digit of 9424857?
7
What is the hundreds digit of 5276416?
4
What is the hundreds digit of 26236?
2
What is the ten thousands digit of 14338271?
3
What is the ten thousands digit of 582041?
8
What is the hundreds digit of 606618?
6
What is the thousands digit of 3894949?
4
What is the tens digit of 4229042?
4
What is the tens digit of 6441481?
8
What is the ten thousands digit of 297379?
9
What is the units digit of 7519331?
1
What is the tens digit of 1209871?
7
What is the tens digit of 336311?
1
What is the tens digit of 38170?
7
What is the units digit of 1684122?
2
What is the tens digit of 17685522?
2
What is the ten thousands digit of 28620714?
2
What is the ten thousands digit of 177527?
7
What is the tens digit of 296281?
8
What is the units digit of 79493?
3
What is the hundreds digit of 106217?
2
What is the hundreds digit of 789233?
2
What is the tens digit of 1271695?
9
What is the ten thousands digit of 293992?
9
What is the thousands digit of 28042883?
2
What is the millions digit of 41769947?
1
What is the tens digit of 197124?
2
What is the ten thousands digit of 27865294?
6
What is the millions digit of 11225971?
1
What is the units digit of 132228?
8
What is the hundreds digit of 291369?
3
What is the hundreds digit of 744465?
4
What is the units digit of 1008551?
1
What is the tens digit of 473940?
4
What is the ten thousands digit of 616459?
1
What is the ten thous